[INFO] cloning repository https://github.com/ca1ek/telnet
[INFO] running `Command { std: "git" "-c" "credential.helper=" "-c" "credential.helper=/workspace/cargo-home/bin/git-credential-null" "clone" "--bare" "https://github.com/ca1ek/telnet" "/workspace/cache/git-repos/https%3A%2F%2Fgithub.com%2Fca1ek%2Ftelnet", kill_on_drop: false }`
[INFO] [stderr] Cloning into bare repository '/workspace/cache/git-repos/https%3A%2F%2Fgithub.com%2Fca1ek%2Ftelnet'...
[INFO] running `Command { std: "git" "rev-parse" "HEAD", kill_on_drop: false }`
[INFO] [stdout] f5dc45e09f2473939ab66a4a384f5f288149b28c
[INFO] checking ca1ek/telnet against master#af3c6e733a40e671550e0f0f5aeecaa13772ba56 for pr-74989
[INFO] running `Command { std: "git" "clone" "/workspace/cache/git-repos/https%3A%2F%2Fgithub.com%2Fca1ek%2Ftelnet" "/workspace/builds/worker-9/source", kill_on_drop: false }`
[INFO] [stderr] Cloning into '/workspace/builds/worker-9/source'...
[INFO] [stderr] done.
[INFO] validating manifest of git repo https://github.com/ca1ek/telnet on toolchain af3c6e733a40e671550e0f0f5aeecaa13772ba56
[INFO] running `Command { std: "/workspace/cargo-home/bin/cargo" "+af3c6e733a40e671550e0f0f5aeecaa13772ba56" "read-manifest" "--manifest-path" "Cargo.toml", kill_on_drop: false }`
[INFO] started tweaking git repo https://github.com/ca1ek/telnet
[INFO] finished tweaking git repo https://github.com/ca1ek/telnet
[INFO] tweaked toml for git repo https://github.com/ca1ek/telnet written to /workspace/builds/worker-9/source/Cargo.toml
[INFO] crate git repo https://github.com/ca1ek/telnet already has a lockfile, it will not be regenerated
[INFO] running `Command { std: "/workspace/cargo-home/bin/cargo" "+af3c6e733a40e671550e0f0f5aeecaa13772ba56" "fetch" "--locked" "--manifest-path" "Cargo.toml", kill_on_drop: false }`
[INFO] [stderr] error: the lock file /workspace/builds/worker-9/source/Cargo.lock needs to be updated but --locked was passed to prevent this
[INFO] [stderr] If you want to try to generate the lock file without accessing the network, use the --offline flag.
[INFO] the lockfile is outdated, regenerating it
[INFO] running `Command { std: "/workspace/cargo-home/bin/cargo" "+af3c6e733a40e671550e0f0f5aeecaa13772ba56" "generate-lockfile" "--manifest-path" "Cargo.toml" "-Zno-index-update", kill_on_drop: false }`
[INFO] [stderr]     Updating git repository `https://github.com/ticki/termion/`
[INFO] running `Command { std: "/workspace/cargo-home/bin/cargo" "+af3c6e733a40e671550e0f0f5aeecaa13772ba56" "fetch" "--locked" "--manifest-path" "Cargo.toml", kill_on_drop: false }`
[INFO] running `Command { std: "docker" "create" "-v" "/var/lib/crater-agent-workspace/builds/worker-9/target:/opt/rustwide/target:rw,Z" "-v" "/var/lib/crater-agent-workspace/builds/worker-9/source:/opt/rustwide/workdir:ro,Z" "-v" "/var/lib/crater-agent-workspace/cargo-home:/opt/rustwide/cargo-home:ro,Z" "-v" "/var/lib/crater-agent-workspace/rustup-home:/opt/rustwide/rustup-home:ro,Z" "-e" "SOURCE_DIR=/opt/rustwide/workdir" "-e" "CARGO_TARGET_DIR=/opt/rustwide/target" "-e" "CARGO_HOME=/opt/rustwide/cargo-home" "-e" "RUSTUP_HOME=/opt/rustwide/rustup-home" "-w" "/opt/rustwide/workdir" "-m" "1610612736" "--user" "0:0" "--network" "none" "rustops/crates-build-env@sha256:d92eaeed33fa75130ca1ee6c8a01d1ffb62bac859dfdfb3450e3e5d1c0146529" "/opt/rustwide/cargo-home/bin/cargo" "+af3c6e733a40e671550e0f0f5aeecaa13772ba56" "metadata" "--no-deps" "--format-version=1", kill_on_drop: false }`
[INFO] [stdout] d5a2d58d3cd990f0940b79927473c3c241d923b2e7d943d704ab232523eb0027
[INFO] [stderr] WARNING: Your kernel does not support swap limit capabilities or the cgroup is not mounted. Memory limited without swap.
[INFO] running `Command { std: "docker" "start" "-a" "d5a2d58d3cd990f0940b79927473c3c241d923b2e7d943d704ab232523eb0027", kill_on_drop: false }`
[INFO] running `Command { std: "docker" "inspect" "d5a2d58d3cd990f0940b79927473c3c241d923b2e7d943d704ab232523eb0027", kill_on_drop: false }`
[INFO] running `Command { std: "docker" "rm" "-f" "d5a2d58d3cd990f0940b79927473c3c241d923b2e7d943d704ab232523eb0027", kill_on_drop: false }`
[INFO] [stdout] d5a2d58d3cd990f0940b79927473c3c241d923b2e7d943d704ab232523eb0027
[INFO] running `Command { std: "docker" "create" "-v" "/var/lib/crater-agent-workspace/builds/worker-9/target:/opt/rustwide/target:rw,Z" "-v" "/var/lib/crater-agent-workspace/builds/worker-9/source:/opt/rustwide/workdir:ro,Z" "-v" "/var/lib/crater-agent-workspace/cargo-home:/opt/rustwide/cargo-home:ro,Z" "-v" "/var/lib/crater-agent-workspace/rustup-home:/opt/rustwide/rustup-home:ro,Z" "-e" "SOURCE_DIR=/opt/rustwide/workdir" "-e" "CARGO_TARGET_DIR=/opt/rustwide/target" "-e" "CARGO_INCREMENTAL=0" "-e" "RUST_BACKTRACE=full" "-e" "RUSTFLAGS=--cap-lints=forbid" "-e" "CARGO_HOME=/opt/rustwide/cargo-home" "-e" "RUSTUP_HOME=/opt/rustwide/rustup-home" "-w" "/opt/rustwide/workdir" "-m" "1610612736" "--user" "0:0" "--network" "none" "rustops/crates-build-env@sha256:d92eaeed33fa75130ca1ee6c8a01d1ffb62bac859dfdfb3450e3e5d1c0146529" "/opt/rustwide/cargo-home/bin/cargo" "+af3c6e733a40e671550e0f0f5aeecaa13772ba56" "check" "--frozen" "--all" "--all-targets" "--message-format=json", kill_on_drop: false }`
[INFO] [stdout] 8adee940609aeb84a09e5065a145d2441a3bac504475337c7ae4d1350ca8b111
[INFO] [stderr] WARNING: Your kernel does not support swap limit capabilities or the cgroup is not mounted. Memory limited without swap.
[INFO] running `Command { std: "docker" "start" "-a" "8adee940609aeb84a09e5065a145d2441a3bac504475337c7ae4d1350ca8b111", kill_on_drop: false }`
[INFO] [stderr]     Checking termion v1.5.5 (https://github.com/ticki/termion/#18922255)
[INFO] [stderr]     Checking telnet v0.1.0 (/opt/rustwide/workdir)
[INFO] [stdout] error[E0432]: unresolved import `termion::IntoRawMode`
[INFO] [stdout]   --> src/main.rs:11:15
[INFO] [stdout]    |
[INFO] [stdout] 11 | use termion::{IntoRawMode, async_stdin};
[INFO] [stdout]    |               ^^^^^^^^^^^ no `IntoRawMode` in the root
[INFO] [stdout] 
[INFO] [stdout] 
[INFO] [stdout] warning: unused imports: `Receiver`, `Sender`
[INFO] [stdout]  --> src/main.rs:6:32
[INFO] [stdout]   |
[INFO] [stdout] 6 | use std::sync::mpsc::{channel, Sender, Receiver};
[INFO] [stdout]   |                                ^^^^^^  ^^^^^^^^
[INFO] [stdout]   |
[INFO] [stdout]   = note: `#[warn(unused_imports)]` on by default
[INFO] [stdout] 
[INFO] [stdout] 
[INFO] [stdout] warning: unused import: `std::str::from_utf8`
[INFO] [stdout]  --> src/main.rs:8:5
[INFO] [stdout]   |
[INFO] [stdout] 8 | use std::str::from_utf8;
[INFO] [stdout]   |     ^^^^^^^^^^^^^^^^^^^
[INFO] [stdout] 
[INFO] [stdout] 
[INFO] [stdout] error[E0432]: unresolved import `termion::IntoRawMode`
[INFO] [stdout]   --> src/main.rs:11:15
[INFO] [stdout]    |
[INFO] [stdout] 11 | use termion::{IntoRawMode, async_stdin};
[INFO] [stdout]    |               ^^^^^^^^^^^ no `IntoRawMode` in the root
[INFO] [stdout] 
[INFO] [stdout] 
[INFO] [stdout] warning: unused imports: `Receiver`, `Sender`
[INFO] [stdout]  --> src/main.rs:6:32
[INFO] [stdout]   |
[INFO] [stdout] 6 | use std::sync::mpsc::{channel, Sender, Receiver};
[INFO] [stdout]   |                                ^^^^^^  ^^^^^^^^
[INFO] [stdout]   |
[INFO] [stdout]   = note: `#[warn(unused_imports)]` on by default
[INFO] [stdout] 
[INFO] [stdout] 
[INFO] [stdout] warning: unused import: `std::str::from_utf8`
[INFO] [stdout]  --> src/main.rs:8:5
[INFO] [stdout]   |
[INFO] [stdout] 8 | use std::str::from_utf8;
[INFO] [stdout]   |     ^^^^^^^^^^^^^^^^^^^
[INFO] [stdout] 
[INFO] [stdout] 
[INFO] [stdout] error[E0599]: no method named `into_raw_mode` found for struct `StdoutLock<'_>` in the current scope
[INFO] [stdout]   --> src/main.rs:52:36
[INFO] [stdout]    |
[INFO] [stdout] 52 |     let mut stdout = stdout.lock().into_raw_mode().unwrap();
[INFO] [stdout]    |                                    ^^^^^^^^^^^^^ method not found in `StdoutLock<'_>`
[INFO] [stdout]    | 
[INFO] [stdout]   ::: /opt/rustwide/cargo-home/git/checkouts/termion-413b2666310b6f4a/1892225/src/raw.rs:97:8
[INFO] [stdout]    |
[INFO] [stdout] 97 |     fn into_raw_mode(self) -> io::Result<RawTerminal<Self>>;
[INFO] [stdout]    |        ------------- the method is available for `Box<StdoutLock<'_>>` here
[INFO] [stdout]    |
[INFO] [stdout]    = help: items from traits can only be used if the trait is in scope
[INFO] [stdout] help: the following trait is implemented but not in scope; perhaps add a `use` for it:
[INFO] [stdout]    |
[INFO] [stdout] 3  | use termion::raw::IntoRawMode;
[INFO] [stdout]    |
[INFO] [stdout] 
[INFO] [stdout] 
[INFO] [stdout] error: aborting due to 2 previous errors; 2 warnings emitted
[INFO] [stdout] 
[INFO] [stdout] 
[INFO] [stdout] Some errors have detailed explanations: E0432, E0599.
[INFO] [stdout] 
[INFO] [stdout] For more information about an error, try `rustc --explain E0432`.
[INFO] [stdout] 
[INFO] [stderr] error: could not compile `telnet`.
[INFO] [stderr] 
[INFO] [stderr] To learn more, run the command again with --verbose.
[INFO] [stderr] warning: build failed, waiting for other jobs to finish...
[INFO] [stdout] error[E0599]: no method named `into_raw_mode` found for struct `StdoutLock<'_>` in the current scope
[INFO] [stdout]   --> src/main.rs:52:36
[INFO] [stdout]    |
[INFO] [stdout] 52 |     let mut stdout = stdout.lock().into_raw_mode().unwrap();
[INFO] [stdout]    |                                    ^^^^^^^^^^^^^ method not found in `StdoutLock<'_>`
[INFO] [stdout]    | 
[INFO] [stdout]   ::: /opt/rustwide/cargo-home/git/checkouts/termion-413b2666310b6f4a/1892225/src/raw.rs:97:8
[INFO] [stdout]    |
[INFO] [stdout] 97 |     fn into_raw_mode(self) -> io::Result<RawTerminal<Self>>;
[INFO] [stdout]    |        ------------- the method is available for `Box<StdoutLock<'_>>` here
[INFO] [stdout]    |
[INFO] [stdout]    = help: items from traits can only be used if the trait is in scope
[INFO] [stdout] help: the following trait is implemented but not in scope; perhaps add a `use` for it:
[INFO] [stdout]    |
[INFO] [stdout] 3  | use termion::raw::IntoRawMode;
[INFO] [stdout]    |
[INFO] [stdout] 
[INFO] [stdout] 
[INFO] [stdout] error: aborting due to 2 previous errors; 2 warnings emitted
[INFO] [stdout] 
[INFO] [stdout] 
[INFO] [stdout] Some errors have detailed explanations: E0432, E0599.
[INFO] [stdout] 
[INFO] [stdout] For more information about an error, try `rustc --explain E0432`.
[INFO] [stdout] 
[INFO] [stderr] error: build failed
[INFO] running `Command { std: "docker" "inspect" "8adee940609aeb84a09e5065a145d2441a3bac504475337c7ae4d1350ca8b111", kill_on_drop: false }`
[INFO] running `Command { std: "docker" "rm" "-f" "8adee940609aeb84a09e5065a145d2441a3bac504475337c7ae4d1350ca8b111", kill_on_drop: false }`
[INFO] [stdout] 8adee940609aeb84a09e5065a145d2441a3bac504475337c7ae4d1350ca8b111
